{"id":9,"date":"2025-12-02T17:44:39","date_gmt":"2025-12-02T17:44:39","guid":{"rendered":"https:\/\/labelestudio.com\/?page_id=9"},"modified":"2025-12-19T09:51:48","modified_gmt":"2025-12-19T09:51:48","slug":"elementor-9","status":"publish","type":"page","link":"https:\/\/labelestudio.com\/","title":{"rendered":"LABEL ESTUDIO"},"content":{"rendered":"\t\t<div data-elementor-type=\"wp-page\" data-elementor-id=\"9\" class=\"elementor elementor-9\">\n\t\t\t\t<div class=\"elementor-element elementor-element-d4267f4 e-flex e-con-boxed e-con e-parent\" data-id=\"d4267f4\" data-element_type=\"container\" data-settings=\"{&quot;background_background&quot;:&quot;classic&quot;}\">\n\t\t\t\t\t<div class=\"e-con-inner\">\n\t\t\t\t<div class=\"elementor-element elementor-element-a4c2556 elementor-widget elementor-widget-image\" data-id=\"a4c2556\" data-element_type=\"widget\" data-widget_type=\"image.default\">\n\t\t\t\t\t\t\t\t\t\t\t\t\t\t\t<img fetchpriority=\"high\" decoding=\"async\" width=\"300\" height=\"300\" src=\"http:\/\/labelestudio.com\/wp-content\/uploads\/2025\/12\/Label-hn-300x300.jpg\" class=\"attachment-medium size-medium wp-image-11\" alt=\"\" srcset=\"http:\/\/labelestudio.com\/wp-content\/uploads\/2025\/12\/Label-hn-300x300.jpg 300w, http:\/\/labelestudio.com\/wp-content\/uploads\/2025\/12\/Label-hn-1024x1024.jpg 1024w, http:\/\/labelestudio.com\/wp-content\/uploads\/2025\/12\/Label-hn-150x150.jpg 150w, http:\/\/labelestudio.com\/wp-content\/uploads\/2025\/12\/Label-hn-768x768.jpg 768w, http:\/\/labelestudio.com\/wp-content\/uploads\/2025\/12\/Label-hn-1536x1536.jpg 1536w, http:\/\/labelestudio.com\/wp-content\/uploads\/2025\/12\/Label-hn.jpg 1609w\" sizes=\"(max-width: 300px) 100vw, 300px\" \/>\t\t\t\t\t\t\t\t\t\t\t\t\t\t\t<\/div>\n\t\t\t\t<div class=\"elementor-element elementor-element-570a2c8 elementor-widget elementor-widget-heading\" data-id=\"570a2c8\" data-element_type=\"widget\" data-widget_type=\"heading.default\">\n\t\t\t\t\t<h2 class=\"elementor-heading-title elementor-size-default\">ESTUDIO DE INTERIORES<\/h2>\t\t\t\t<\/div>\n\t\t\t\t<div class=\"elementor-element elementor-element-107d40d elementor-widget elementor-widget-heading\" data-id=\"107d40d\" data-element_type=\"widget\" data-widget_type=\"heading.default\">\n\t\t\t\t\t<h2 class=\"elementor-heading-title elementor-size-default\">P\u00c1GINA WEB EN CONSTRUCCI\u00d3N<\/h2>\t\t\t\t<\/div>\n\t\t\t\t\t<\/div>\n\t\t\t\t<\/div>\n\t\t<div class=\"elementor-element elementor-element-306fad5 e-flex e-con-boxed e-con e-parent\" data-id=\"306fad5\" data-element_type=\"container\">\n\t\t\t\t\t<div class=\"e-con-inner\">\n\t\t<div class=\"elementor-element elementor-element-ba68acc e-con-full e-flex e-con e-child\" data-id=\"ba68acc\" data-element_type=\"container\">\n\t\t\t\t<div class=\"elementor-element elementor-element-86e5070 elementor-widget elementor-widget-image\" data-id=\"86e5070\" data-element_type=\"widget\" data-widget_type=\"image.default\">\n\t\t\t\t\t\t\t\t\t\t\t\t\t\t\t<img decoding=\"async\" width=\"800\" height=\"572\" src=\"http:\/\/labelestudio.com\/wp-content\/uploads\/2025\/12\/LOGOS.png\" class=\"attachment-large size-large wp-image-16\" alt=\"\" srcset=\"http:\/\/labelestudio.com\/wp-content\/uploads\/2025\/12\/LOGOS.png 827w, http:\/\/labelestudio.com\/wp-content\/uploads\/2025\/12\/LOGOS-300x214.png 300w, http:\/\/labelestudio.com\/wp-content\/uploads\/2025\/12\/LOGOS-768x549.png 768w\" sizes=\"(max-width: 800px) 100vw, 800px\" \/>\t\t\t\t\t\t\t\t\t\t\t\t\t\t\t<\/div>\n\t\t\t\t<\/div>\n\t\t<div class=\"elementor-element elementor-element-ebad9cc e-con-full e-flex e-con e-child\" data-id=\"ebad9cc\" data-element_type=\"container\">\n\t\t\t\t<div class=\"elementor-element elementor-element-fd6361d elementor-widget elementor-widget-text-editor\" data-id=\"fd6361d\" data-element_type=\"widget\" data-widget_type=\"text-editor.default\">\n\t\t\t\t\t\t\t\t\t<p><strong>Dise\u00f1o e Interiorismo Label SL<\/strong> ha recibido una ayuda de la Uni\u00f3n Europea con cargo al Fondo NextGenerationEU, en el marco del Plan de Recuperaci\u00f3n, Transformaci\u00f3n y Resiliencia, para INSTALACI\u00d3N SOLAR FOTOVOLTAICA dentro del programa de incentivos ligados al autoconsumo y almacenamiento, con fuentes de Energ\u00eda renovable, as\u00ed como la implantaci\u00f3n de sistemas t\u00e9rmicos renovables en el sector residencial del Ministerio para la Transici\u00f3n Ecol\u00f3gica y el Reto Demogr\u00e1fico, gestionado por la Conunidad de Madrid, a trav\u00e9s de la Agencia de Madrid de la Energ\u00eda.<\/p>\t\t\t\t\t\t\t\t<\/div>\n\t\t\t\t<\/div>\n\t\t\t\t\t<\/div>\n\t\t\t\t<\/div>\n\t\t\t\t<\/div>\n\t\t","protected":false},"excerpt":{"rendered":"<p>ESTUDIO DE INTERIORES P\u00c1GINA WEB EN CONSTRUCCI\u00d3N Dise\u00f1o e Interiorismo Label SL ha recibido una ayuda de la Uni\u00f3n Europea con cargo al Fondo NextGenerationEU, en el marco del Plan de Recuperaci\u00f3n, Transformaci\u00f3n y Resiliencia, para INSTALACI\u00d3N SOLAR FOTOVOLTAICA dentro del programa de incentivos ligados al autoconsumo y almacenamiento, con fuentes de Energ\u00eda renovable, as\u00ed [&hellip;]<\/p>\n","protected":false},"author":1,"featured_media":0,"parent":0,"menu_order":0,"comment_status":"closed","ping_status":"closed","template":"elementor_canvas","meta":{"footnotes":""},"class_list":["post-9","page","type-page","status-publish","hentry"],"_links":{"self":[{"href":"https:\/\/labelestudio.com\/index.php\/wp-json\/wp\/v2\/pages\/9","targetHints":{"allow":["GET"]}}],"collection":[{"href":"https:\/\/labelestudio.com\/index.php\/wp-json\/wp\/v2\/pages"}],"about":[{"href":"https:\/\/labelestudio.com\/index.php\/wp-json\/wp\/v2\/types\/page"}],"author":[{"embeddable":true,"href":"https:\/\/labelestudio.com\/index.php\/wp-json\/wp\/v2\/users\/1"}],"replies":[{"embeddable":true,"href":"https:\/\/labelestudio.com\/index.php\/wp-json\/wp\/v2\/comments?post=9"}],"version-history":[{"count":24,"href":"https:\/\/labelestudio.com\/index.php\/wp-json\/wp\/v2\/pages\/9\/revisions"}],"predecessor-version":[{"id":46,"href":"https:\/\/labelestudio.com\/index.php\/wp-json\/wp\/v2\/pages\/9\/revisions\/46"}],"wp:attachment":[{"href":"https:\/\/labelestudio.com\/index.php\/wp-json\/wp\/v2\/media?parent=9"}],"curies":[{"name":"wp","href":"https:\/\/api.w.org\/{rel}","templated":true}]}}